{"id":727,"date":"2025-10-11T10:32:02","date_gmt":"2025-10-11T10:32:02","guid":{"rendered":"https:\/\/larviksvommeklubb.no\/?page_id=727"},"modified":"2026-03-13T17:22:18","modified_gmt":"2026-03-13T17:22:18","slug":"dokumenter","status":"publish","type":"page","link":"https:\/\/larviksvommeklubb.no\/index.php\/dokumenter\/","title":{"rendered":"\u00c5rsm\u00f8te"},"content":{"rendered":"\t\t<div data-elementor-type=\"wp-page\" data-elementor-id=\"727\" class=\"elementor elementor-727\">\n\t\t\t\t<div class=\"elementor-element elementor-element-81b4c97 e-flex e-con-boxed e-con e-parent\" data-id=\"81b4c97\" data-element_type=\"container\" data-e-type=\"container\" data-settings=\"{&quot;background_background&quot;:&quot;classic&quot;}\">\n\t\t\t\t\t<div class=\"e-con-inner\">\n\t\t\t\t<div class=\"elementor-element elementor-element-c6dd390 elementor-widget elementor-widget-heading\" data-id=\"c6dd390\" data-element_type=\"widget\" data-e-type=\"widget\" data-widget_type=\"heading.default\">\n\t\t\t\t\t<h1 class=\"elementor-heading-title elementor-size-default\">\u00c5rsm\u00f8ter<\/h1>\t\t\t\t<\/div>\n\t\t\t\t\t<\/div>\n\t\t\t\t<\/div>\n\t\t<div class=\"elementor-element elementor-element-8618694 e-flex e-con-boxed e-con e-parent\" data-id=\"8618694\" data-element_type=\"container\" data-e-type=\"container\">\n\t\t\t\t\t<div class=\"e-con-inner\">\n\t\t\t\t<div class=\"elementor-element elementor-element-08c803e elementor-widget elementor-widget-heading\" data-id=\"08c803e\" data-element_type=\"widget\" data-e-type=\"widget\" data-widget_type=\"heading.default\">\n\t\t\t\t\t<h2 class=\"elementor-heading-title elementor-size-default\">Innkalling til \u00e5rsm\u00f8te i Larvik Sv\u00f8mmeklubb\n<\/h2>\t\t\t\t<\/div>\n\t\t\t\t<div class=\"elementor-element elementor-element-14da249 elementor-widget elementor-widget-text-editor\" data-id=\"14da249\" data-element_type=\"widget\" data-e-type=\"widget\" data-widget_type=\"text-editor.default\">\n\t\t\t\t\t\t\t\t\t<p style=\"color: #222222; font-family: Arial, Helvetica, sans-serif; font-size: small;\">Styret i Larvik Sv\u00f8mmeklubb har gleden av \u00e5 invitere alle medlemmer til ordin\u00e6rt \u00e5rsm\u00f8te. Dette er din mulighet til \u00e5 p\u00e5virke klubbens fremtid, h\u00f8re om \u00e5ret som har g\u00e5tt, og delta i viktige beslutninger.<\/p>\n<h3 style=\"color: #222222; font-family: Arial, Helvetica, sans-serif;\"><b>Tid og sted<\/b><\/h3>\n<ul style=\"color: #222222; font-family: Arial, Helvetica, sans-serif; font-size: small; background-color: #ffffff;\">\n<li style=\"margin-left: 15px;\">\n<p><b>Dato:<\/b>&nbsp;Torsdag 19. mars<\/p>\n<\/li>\n<li style=\"margin-left: 15px;\">\n<p><b>Tid:<\/b>&nbsp;Kl. 18:00<\/p>\n<\/li>\n<li style=\"margin-left: 15px;\">\n<p><b>Sted:<\/b>&nbsp;LOS sine lokaler, Elveveien, Larvik<\/p>\n<\/li>\n<\/ul>\n<hr style=\"font-family: Arial, Helvetica, sans-serif; font-size: small; background-color: #ffffff;\">\n<h3 style=\"color: #222222; font-family: Arial, Helvetica, sans-serif;\"><b>Siste frist for saker<\/b><\/h3>\n<p style=\"color: #222222; font-family: Arial, Helvetica, sans-serif; font-size: small;\">Har du en sak du \u00f8nsker at \u00e5rsm\u00f8tet skal behandle? Forslag m\u00e5 sendes skriftlig til styret senest&nbsp;<b>to uker f\u00f8r m\u00f8tedato<\/b>.<\/p>\n<h3 style=\"color: #222222; font-family: Arial, Helvetica, sans-serif;\"><b>Forel\u00f8pig dagsorden<\/b><\/h3>\n<p style=\"color: #222222; font-family: Arial, Helvetica, sans-serif; font-size: small;\">I samsvar med klubbens vedtekter vil f\u00f8lgende saker bli behandlet:<\/p>\n<ol style=\"color: #222222; font-family: Arial, Helvetica, sans-serif; font-size: small; background-color: #ffffff;\" start=\"1\">\n<li style=\"margin-left: 15px;\">\n<p>Godkjenning av stemmeberettigede.<\/p>\n<\/li>\n<li style=\"margin-left: 15px;\">\n<p>Valg av m\u00f8teleder, referent, samt to medlemmer til \u00e5 underskrive protokollen.<\/p>\n<\/li>\n<li style=\"margin-left: 15px;\">\n<p>Godkjenning av innkalling og dagsorden.<\/p>\n<\/li>\n<li style=\"margin-left: 15px;\">\n<p>Behandling av styrets \u00e5rsberetning.<\/p>\n<\/li>\n<li style=\"margin-left: 15px;\">\n<p>Behandling av revidert regnskap.<\/p>\n<\/li>\n<li style=\"margin-left: 15px;\">\n<p>Behandling av innkomne forslag og saker.<\/p>\n<\/li>\n<li style=\"margin-left: 15px;\">\n<p>Fastsettelse av medlemskontingent.<\/p>\n<\/li>\n<li style=\"margin-left: 15px;\">\n<p>Vedta klubbens budsjett.<\/p>\n<\/li>\n<li style=\"margin-left: 15px;\">\n<p>Valg av styre og andre tillitsverv.<\/p>\n<\/li>\n<\/ol>\n<hr style=\"font-family: Arial, Helvetica, sans-serif; font-size: small; background-color: #ffffff;\">\n<blockquote style=\"color: #222222; font-family: Arial, Helvetica, sans-serif; font-size: small;\">\n<p><b>Vel m\u00f8tt!<\/b>&nbsp;Vi h\u00e5per p\u00e5 godt oppm\u00f8te fra b\u00e5de sv\u00f8mmere, foreldre og st\u00f8ttemedlemmer. En fullstendig saksliste med dokumenter vil bli gjort tilgjengelig senest \u00e9n uke f\u00f8r m\u00f8tet.<\/p>\n<\/blockquote>\n<p style=\"color: #222222; font-family: Arial, Helvetica, sans-serif; font-size: small;\">Med vennlig hilsen,&nbsp;<b>Styret i Larvik Sv\u00f8mmeklubb<\/b><\/p>\t\t\t\t\t\t\t\t<\/div>\n\t\t\t\t\t<\/div>\n\t\t\t\t<\/div>\n\t\t<div class=\"elementor-element elementor-element-11459b2 e-flex e-con-boxed e-con e-parent\" data-id=\"11459b2\" data-element_type=\"container\" data-e-type=\"container\">\n\t\t\t\t\t<div class=\"e-con-inner\">\n\t\t\t\t<div class=\"elementor-element elementor-element-425d769 elementor-widget elementor-widget-heading\" data-id=\"425d769\" data-element_type=\"widget\" data-e-type=\"widget\" data-widget_type=\"heading.default\">\n\t\t\t\t\t<h2 class=\"elementor-heading-title elementor-size-default\">\u00c5rsm\u00f8te 2026<\/h2>\t\t\t\t<\/div>\n\t\t<div class=\"elementor-element elementor-element-1b978ee e-con-full e-flex e-con e-child\" data-id=\"1b978ee\" data-element_type=\"container\" data-e-type=\"container\">\n\t\t\t\t<div class=\"elementor-element elementor-element-3be214b elementor-widget elementor-widget-button\" data-id=\"3be214b\" data-element_type=\"widget\" data-e-type=\"widget\" data-widget_type=\"button.default\">\n\t\t\t\t\t\t\t\t\t\t<a class=\"elementor-button elementor-button-link elementor-size-sm\" href=\"https:\/\/larviksvommeklubb.no\/wp-content\/uploads\/2026\/03\/Arsmote2026.pdf\">\n\t\t\t\t\t\t<span class=\"elementor-button-content-wrapper\">\n\t\t\t\t\t\t\t\t\t<span class=\"elementor-button-text\">\u00c5rsm\u00f8te<\/span>\n\t\t\t\t\t<\/span>\n\t\t\t\t\t<\/a>\n\t\t\t\t\t\t\t\t<\/div>\n\t\t\t\t<div class=\"elementor-element elementor-element-dc868aa elementor-widget elementor-widget-button\" data-id=\"dc868aa\" data-element_type=\"widget\" data-e-type=\"widget\" data-widget_type=\"button.default\">\n\t\t\t\t\t\t\t\t\t\t<a class=\"elementor-button elementor-button-link elementor-size-sm\" href=\"https:\/\/larviksvommeklubb.no\/wp-content\/uploads\/2026\/03\/Budsjett2026.pdf\">\n\t\t\t\t\t\t<span class=\"elementor-button-content-wrapper\">\n\t\t\t\t\t\t\t\t\t<span class=\"elementor-button-text\">Budsjett<\/span>\n\t\t\t\t\t<\/span>\n\t\t\t\t\t<\/a>\n\t\t\t\t\t\t\t\t<\/div>\n\t\t\t\t<div class=\"elementor-element elementor-element-836442c elementor-widget elementor-widget-button\" data-id=\"836442c\" data-element_type=\"widget\" data-e-type=\"widget\" data-widget_type=\"button.default\">\n\t\t\t\t\t\t\t\t\t\t<a class=\"elementor-button elementor-button-link elementor-size-sm\" href=\"https:\/\/larviksvommeklubb.no\/wp-content\/uploads\/2026\/03\/Spesifisert-regnskap-25-Larvik-Svommeklubb-15.01.26-1.pdf\">\n\t\t\t\t\t\t<span class=\"elementor-button-content-wrapper\">\n\t\t\t\t\t\t\t\t\t<span class=\"elementor-button-text\">spesifisert regnskap<\/span>\n\t\t\t\t\t<\/span>\n\t\t\t\t\t<\/a>\n\t\t\t\t\t\t\t\t<\/div>\n\t\t\t\t<div class=\"elementor-element elementor-element-68b7abc elementor-widget elementor-widget-button\" data-id=\"68b7abc\" data-element_type=\"widget\" data-e-type=\"widget\" data-widget_type=\"button.default\">\n\t\t\t\t\t\t\t\t\t\t<a class=\"elementor-button elementor-button-link elementor-size-sm\" href=\"https:\/\/larviksvommeklubb.no\/wp-content\/uploads\/2026\/03\/Valgkomiteen2026.pdf\">\n\t\t\t\t\t\t<span class=\"elementor-button-content-wrapper\">\n\t\t\t\t\t\t\t\t\t<span class=\"elementor-button-text\">Valgkomiteen<\/span>\n\t\t\t\t\t<\/span>\n\t\t\t\t\t<\/a>\n\t\t\t\t\t\t\t\t<\/div>\n\t\t\t\t<div class=\"elementor-element elementor-element-93fb325 elementor-widget elementor-widget-button\" data-id=\"93fb325\" data-element_type=\"widget\" data-e-type=\"widget\" data-widget_type=\"button.default\">\n\t\t\t\t\t\t\t\t\t\t<a class=\"elementor-button elementor-button-link elementor-size-sm\" href=\"https:\/\/larviksvommeklubb.no\/wp-content\/uploads\/2026\/03\/5_2-Arsregnskap-2025.pdf\">\n\t\t\t\t\t\t<span class=\"elementor-button-content-wrapper\">\n\t\t\t\t\t\t\t\t\t<span class=\"elementor-button-text\">\u00c5rsregnskap<\/span>\n\t\t\t\t\t<\/span>\n\t\t\t\t\t<\/a>\n\t\t\t\t\t\t\t\t<\/div>\n\t\t\t\t<\/div>\n\t\t\t\t\t<\/div>\n\t\t\t\t<\/div>\n\t\t\t\t<\/div>\n\t\t","protected":false},"excerpt":{"rendered":"<p>\u00c5rsm\u00f8ter Innkalling til \u00e5rsm\u00f8te i Larvik Sv\u00f8mmeklubb Styret i Larvik Sv\u00f8mmeklubb har gleden av \u00e5 invitere alle medlemmer til ordin\u00e6rt \u00e5rsm\u00f8te. Dette er din mulighet til \u00e5 p\u00e5virke klubbens fremtid, h\u00f8re om \u00e5ret som har g\u00e5tt, og delta i viktige beslutninger. Tid og sted Dato:&nbsp;Torsdag 19. mars Tid:&nbsp;Kl. 18:00 Sted:&nbsp;LOS sine lokaler, Elveveien, Larvik Siste [&hellip;]<\/p>\n","protected":false},"author":1,"featured_media":0,"parent":0,"menu_order":0,"comment_status":"closed","ping_status":"closed","template":"","meta":{"footnotes":""},"class_list":["post-727","page","type-page","status-publish","hentry"],"yoast_head":"<!-- This site is optimized with the Yoast SEO plugin v27.4 - https:\/\/yoast.com\/product\/yoast-seo-wordpress\/ -->\n<title>\u00c5rsm\u00f8te - Larvik sv\u00f8mmeklubb<\/title>\n<meta name=\"robots\" content=\"index, follow, max-snippet:-1, max-image-preview:large, max-video-preview:-1\" \/>\n<link rel=\"canonical\" href=\"https:\/\/larviksvommeklubb.no\/index.php\/dokumenter\/\" \/>\n<meta property=\"og:locale\" content=\"nb_NO\" \/>\n<meta property=\"og:type\" content=\"article\" \/>\n<meta property=\"og:title\" content=\"\u00c5rsm\u00f8te - Larvik sv\u00f8mmeklubb\" \/>\n<meta property=\"og:description\" content=\"\u00c5rsm\u00f8ter Innkalling til \u00e5rsm\u00f8te i Larvik Sv\u00f8mmeklubb Styret i Larvik Sv\u00f8mmeklubb har gleden av \u00e5 invitere alle medlemmer til ordin\u00e6rt \u00e5rsm\u00f8te. Dette er din mulighet til \u00e5 p\u00e5virke klubbens fremtid, h\u00f8re om \u00e5ret som har g\u00e5tt, og delta i viktige beslutninger. Tid og sted Dato:&nbsp;Torsdag 19. mars Tid:&nbsp;Kl. 18:00 Sted:&nbsp;LOS sine lokaler, Elveveien, Larvik Siste [&hellip;]\" \/>\n<meta property=\"og:url\" content=\"https:\/\/larviksvommeklubb.no\/index.php\/dokumenter\/\" \/>\n<meta property=\"og:site_name\" content=\"Larvik sv\u00f8mmeklubb\" \/>\n<meta property=\"article:modified_time\" content=\"2026-03-13T17:22:18+00:00\" \/>\n<meta name=\"twitter:card\" content=\"summary_large_image\" \/>\n<meta name=\"twitter:label1\" content=\"Ansl. lesetid\" \/>\n\t<meta name=\"twitter:data1\" content=\"1 minutt\" \/>\n<script type=\"application\/ld+json\" class=\"yoast-schema-graph\">{\"@context\":\"https:\\\/\\\/schema.org\",\"@graph\":[{\"@type\":\"WebPage\",\"@id\":\"https:\\\/\\\/larviksvommeklubb.no\\\/index.php\\\/dokumenter\\\/\",\"url\":\"https:\\\/\\\/larviksvommeklubb.no\\\/index.php\\\/dokumenter\\\/\",\"name\":\"\u00c5rsm\u00f8te - Larvik sv\u00f8mmeklubb\",\"isPartOf\":{\"@id\":\"https:\\\/\\\/larviksvommeklubb.no\\\/#website\"},\"datePublished\":\"2025-10-11T10:32:02+00:00\",\"dateModified\":\"2026-03-13T17:22:18+00:00\",\"breadcrumb\":{\"@id\":\"https:\\\/\\\/larviksvommeklubb.no\\\/index.php\\\/dokumenter\\\/#breadcrumb\"},\"inLanguage\":\"nb-NO\",\"potentialAction\":[{\"@type\":\"ReadAction\",\"target\":[\"https:\\\/\\\/larviksvommeklubb.no\\\/index.php\\\/dokumenter\\\/\"]}]},{\"@type\":\"BreadcrumbList\",\"@id\":\"https:\\\/\\\/larviksvommeklubb.no\\\/index.php\\\/dokumenter\\\/#breadcrumb\",\"itemListElement\":[{\"@type\":\"ListItem\",\"position\":1,\"name\":\"Hjem\",\"item\":\"https:\\\/\\\/larviksvommeklubb.no\\\/\"},{\"@type\":\"ListItem\",\"position\":2,\"name\":\"\u00c5rsm\u00f8te\"}]},{\"@type\":\"WebSite\",\"@id\":\"https:\\\/\\\/larviksvommeklubb.no\\\/#website\",\"url\":\"https:\\\/\\\/larviksvommeklubb.no\\\/\",\"name\":\"Larvik sv\u00f8mmeklubb\",\"description\":\"En sv\u00f8meklubb for store og sm\u00e5 i larvik\",\"publisher\":{\"@id\":\"https:\\\/\\\/larviksvommeklubb.no\\\/#organization\"},\"potentialAction\":[{\"@type\":\"SearchAction\",\"target\":{\"@type\":\"EntryPoint\",\"urlTemplate\":\"https:\\\/\\\/larviksvommeklubb.no\\\/?s={search_term_string}\"},\"query-input\":{\"@type\":\"PropertyValueSpecification\",\"valueRequired\":true,\"valueName\":\"search_term_string\"}}],\"inLanguage\":\"nb-NO\"},{\"@type\":\"Organization\",\"@id\":\"https:\\\/\\\/larviksvommeklubb.no\\\/#organization\",\"name\":\"Larvik sv\u00f8mmeklubb\",\"url\":\"https:\\\/\\\/larviksvommeklubb.no\\\/\",\"logo\":{\"@type\":\"ImageObject\",\"inLanguage\":\"nb-NO\",\"@id\":\"https:\\\/\\\/larviksvommeklubb.no\\\/#\\\/schema\\\/logo\\\/image\\\/\",\"url\":\"https:\\\/\\\/larviksvommeklubb.no\\\/wp-content\\\/uploads\\\/2025\\\/10\\\/277790524_400301812100880_8304823727079010002_n-removebg-preview.png\",\"contentUrl\":\"https:\\\/\\\/larviksvommeklubb.no\\\/wp-content\\\/uploads\\\/2025\\\/10\\\/277790524_400301812100880_8304823727079010002_n-removebg-preview.png\",\"width\":400,\"height\":431,\"caption\":\"Larvik sv\u00f8mmeklubb\"},\"image\":{\"@id\":\"https:\\\/\\\/larviksvommeklubb.no\\\/#\\\/schema\\\/logo\\\/image\\\/\"}}]}<\/script>\n<!-- \/ Yoast SEO plugin. -->","yoast_head_json":{"title":"\u00c5rsm\u00f8te - Larvik sv\u00f8mmeklubb","robots":{"index":"index","follow":"follow","max-snippet":"max-snippet:-1","max-image-preview":"max-image-preview:large","max-video-preview":"max-video-preview:-1"},"canonical":"https:\/\/larviksvommeklubb.no\/index.php\/dokumenter\/","og_locale":"nb_NO","og_type":"article","og_title":"\u00c5rsm\u00f8te - Larvik sv\u00f8mmeklubb","og_description":"\u00c5rsm\u00f8ter Innkalling til \u00e5rsm\u00f8te i Larvik Sv\u00f8mmeklubb Styret i Larvik Sv\u00f8mmeklubb har gleden av \u00e5 invitere alle medlemmer til ordin\u00e6rt \u00e5rsm\u00f8te. Dette er din mulighet til \u00e5 p\u00e5virke klubbens fremtid, h\u00f8re om \u00e5ret som har g\u00e5tt, og delta i viktige beslutninger. Tid og sted Dato:&nbsp;Torsdag 19. mars Tid:&nbsp;Kl. 18:00 Sted:&nbsp;LOS sine lokaler, Elveveien, Larvik Siste [&hellip;]","og_url":"https:\/\/larviksvommeklubb.no\/index.php\/dokumenter\/","og_site_name":"Larvik sv\u00f8mmeklubb","article_modified_time":"2026-03-13T17:22:18+00:00","twitter_card":"summary_large_image","twitter_misc":{"Ansl. lesetid":"1 minutt"},"schema":{"@context":"https:\/\/schema.org","@graph":[{"@type":"WebPage","@id":"https:\/\/larviksvommeklubb.no\/index.php\/dokumenter\/","url":"https:\/\/larviksvommeklubb.no\/index.php\/dokumenter\/","name":"\u00c5rsm\u00f8te - Larvik sv\u00f8mmeklubb","isPartOf":{"@id":"https:\/\/larviksvommeklubb.no\/#website"},"datePublished":"2025-10-11T10:32:02+00:00","dateModified":"2026-03-13T17:22:18+00:00","breadcrumb":{"@id":"https:\/\/larviksvommeklubb.no\/index.php\/dokumenter\/#breadcrumb"},"inLanguage":"nb-NO","potentialAction":[{"@type":"ReadAction","target":["https:\/\/larviksvommeklubb.no\/index.php\/dokumenter\/"]}]},{"@type":"BreadcrumbList","@id":"https:\/\/larviksvommeklubb.no\/index.php\/dokumenter\/#breadcrumb","itemListElement":[{"@type":"ListItem","position":1,"name":"Hjem","item":"https:\/\/larviksvommeklubb.no\/"},{"@type":"ListItem","position":2,"name":"\u00c5rsm\u00f8te"}]},{"@type":"WebSite","@id":"https:\/\/larviksvommeklubb.no\/#website","url":"https:\/\/larviksvommeklubb.no\/","name":"Larvik sv\u00f8mmeklubb","description":"En sv\u00f8meklubb for store og sm\u00e5 i larvik","publisher":{"@id":"https:\/\/larviksvommeklubb.no\/#organization"},"potentialAction":[{"@type":"SearchAction","target":{"@type":"EntryPoint","urlTemplate":"https:\/\/larviksvommeklubb.no\/?s={search_term_string}"},"query-input":{"@type":"PropertyValueSpecification","valueRequired":true,"valueName":"search_term_string"}}],"inLanguage":"nb-NO"},{"@type":"Organization","@id":"https:\/\/larviksvommeklubb.no\/#organization","name":"Larvik sv\u00f8mmeklubb","url":"https:\/\/larviksvommeklubb.no\/","logo":{"@type":"ImageObject","inLanguage":"nb-NO","@id":"https:\/\/larviksvommeklubb.no\/#\/schema\/logo\/image\/","url":"https:\/\/larviksvommeklubb.no\/wp-content\/uploads\/2025\/10\/277790524_400301812100880_8304823727079010002_n-removebg-preview.png","contentUrl":"https:\/\/larviksvommeklubb.no\/wp-content\/uploads\/2025\/10\/277790524_400301812100880_8304823727079010002_n-removebg-preview.png","width":400,"height":431,"caption":"Larvik sv\u00f8mmeklubb"},"image":{"@id":"https:\/\/larviksvommeklubb.no\/#\/schema\/logo\/image\/"}}]}},"_links":{"self":[{"href":"https:\/\/larviksvommeklubb.no\/index.php\/wp-json\/wp\/v2\/pages\/727","targetHints":{"allow":["GET"]}}],"collection":[{"href":"https:\/\/larviksvommeklubb.no\/index.php\/wp-json\/wp\/v2\/pages"}],"about":[{"href":"https:\/\/larviksvommeklubb.no\/index.php\/wp-json\/wp\/v2\/types\/page"}],"author":[{"embeddable":true,"href":"https:\/\/larviksvommeklubb.no\/index.php\/wp-json\/wp\/v2\/users\/1"}],"replies":[{"embeddable":true,"href":"https:\/\/larviksvommeklubb.no\/index.php\/wp-json\/wp\/v2\/comments?post=727"}],"version-history":[{"count":42,"href":"https:\/\/larviksvommeklubb.no\/index.php\/wp-json\/wp\/v2\/pages\/727\/revisions"}],"predecessor-version":[{"id":990,"href":"https:\/\/larviksvommeklubb.no\/index.php\/wp-json\/wp\/v2\/pages\/727\/revisions\/990"}],"wp:attachment":[{"href":"https:\/\/larviksvommeklubb.no\/index.php\/wp-json\/wp\/v2\/media?parent=727"}],"curies":[{"name":"wp","href":"https:\/\/api.w.org\/{rel}","templated":true}]}}