{"id":24,"date":"2025-10-07T19:45:26","date_gmt":"2025-10-07T19:45:26","guid":{"rendered":"https:\/\/larviksvommeklubb.no\/index.php\/portfolio\/"},"modified":"2025-10-12T19:44:54","modified_gmt":"2025-10-12T19:44:54","slug":"portfolio","status":"publish","type":"page","link":"https:\/\/larviksvommeklubb.no\/index.php\/portfolio\/","title":{"rendered":"treningstider"},"content":{"rendered":"\t\t<div data-elementor-type=\"wp-page\" data-elementor-id=\"24\" class=\"elementor elementor-24\">\n\t\t\t\t<div class=\"elementor-element elementor-element-63d34850 e-flex e-con-boxed e-con e-parent\" data-id=\"63d34850\" data-element_type=\"container\" data-e-type=\"container\" data-settings=\"{&quot;background_background&quot;:&quot;classic&quot;}\">\n\t\t\t\t\t<div class=\"e-con-inner\">\n\t\t\t\t<div class=\"elementor-element elementor-element-693a71ea elementor-widget elementor-widget-heading\" data-id=\"693a71ea\" data-element_type=\"widget\" data-e-type=\"widget\" data-widget_type=\"heading.default\">\n\t\t\t\t\t<h1 class=\"elementor-heading-title elementor-size-default\">Treningstider<\/h1>\t\t\t\t<\/div>\n\t\t\t\t\t<\/div>\n\t\t\t\t<\/div>\n\t\t<div class=\"elementor-element elementor-element-42a5d26 e-flex e-con-boxed e-con e-parent\" data-id=\"42a5d26\" data-element_type=\"container\" data-e-type=\"container\">\n\t\t\t\t\t<div class=\"e-con-inner\">\n\t\t\t\t<div class=\"elementor-element elementor-element-810b174 elementor-widget elementor-widget-image\" data-id=\"810b174\" data-element_type=\"widget\" data-e-type=\"widget\" data-widget_type=\"image.default\">\n\t\t\t\t\t\t\t\t\t\t\t\t\t\t\t<img fetchpriority=\"high\" decoding=\"async\" width=\"800\" height=\"497\" src=\"https:\/\/larviksvommeklubb.no\/wp-content\/uploads\/2025\/10\/Skjermbilde-2025-10-12-kl.-21.44.30-1024x636.png\" class=\"attachment-large size-large wp-image-878\" alt=\"\" srcset=\"https:\/\/larviksvommeklubb.no\/wp-content\/uploads\/2025\/10\/Skjermbilde-2025-10-12-kl.-21.44.30-1024x636.png 1024w, https:\/\/larviksvommeklubb.no\/wp-content\/uploads\/2025\/10\/Skjermbilde-2025-10-12-kl.-21.44.30-300x186.png 300w, https:\/\/larviksvommeklubb.no\/wp-content\/uploads\/2025\/10\/Skjermbilde-2025-10-12-kl.-21.44.30-768x477.png 768w, https:\/\/larviksvommeklubb.no\/wp-content\/uploads\/2025\/10\/Skjermbilde-2025-10-12-kl.-21.44.30-1536x953.png 1536w, https:\/\/larviksvommeklubb.no\/wp-content\/uploads\/2025\/10\/Skjermbilde-2025-10-12-kl.-21.44.30-2048x1271.png 2048w\" sizes=\"(max-width: 800px) 100vw, 800px\" \/>\t\t\t\t\t\t\t\t\t\t\t\t\t\t\t<\/div>\n\t\t\t\t\t<\/div>\n\t\t\t\t<\/div>\n\t\t\t\t<\/div>\n\t\t","protected":false},"excerpt":{"rendered":"<p>Treningstider<\/p>\n","protected":false},"author":1,"featured_media":36,"parent":0,"menu_order":0,"comment_status":"closed","ping_status":"closed","template":"elementor_header_footer","meta":{"footnotes":""},"class_list":["post-24","page","type-page","status-publish","has-post-thumbnail","hentry"],"yoast_head":"<!-- This site is optimized with the Yoast SEO plugin v27.4 - https:\/\/yoast.com\/product\/yoast-seo-wordpress\/ -->\n<title>treningstider - Larvik sv\u00f8mmeklubb<\/title>\n<meta name=\"robots\" content=\"index, follow, max-snippet:-1, max-image-preview:large, max-video-preview:-1\" \/>\n<link rel=\"canonical\" href=\"https:\/\/larviksvommeklubb.no\/index.php\/portfolio\/\" \/>\n<meta property=\"og:locale\" content=\"nb_NO\" \/>\n<meta property=\"og:type\" content=\"article\" \/>\n<meta property=\"og:title\" content=\"treningstider - Larvik sv\u00f8mmeklubb\" \/>\n<meta property=\"og:description\" content=\"Treningstider\" \/>\n<meta property=\"og:url\" content=\"https:\/\/larviksvommeklubb.no\/index.php\/portfolio\/\" \/>\n<meta property=\"og:site_name\" content=\"Larvik sv\u00f8mmeklubb\" \/>\n<meta property=\"article:modified_time\" content=\"2025-10-12T19:44:54+00:00\" \/>\n<meta property=\"og:image\" content=\"https:\/\/larviksvommeklubb.no\/wp-content\/uploads\/2025\/10\/Portfolio-400_380.jpg\" \/>\n\t<meta property=\"og:image:width\" content=\"400\" \/>\n\t<meta property=\"og:image:height\" content=\"380\" \/>\n\t<meta property=\"og:image:type\" content=\"image\/jpeg\" \/>\n<meta name=\"twitter:card\" content=\"summary_large_image\" \/>\n<meta name=\"twitter:label1\" content=\"Ansl. lesetid\" \/>\n\t<meta name=\"twitter:data1\" content=\"1 minutt\" \/>\n<script type=\"application\/ld+json\" class=\"yoast-schema-graph\">{\"@context\":\"https:\\\/\\\/schema.org\",\"@graph\":[{\"@type\":\"WebPage\",\"@id\":\"https:\\\/\\\/larviksvommeklubb.no\\\/index.php\\\/portfolio\\\/\",\"url\":\"https:\\\/\\\/larviksvommeklubb.no\\\/index.php\\\/portfolio\\\/\",\"name\":\"treningstider - Larvik sv\u00f8mmeklubb\",\"isPartOf\":{\"@id\":\"https:\\\/\\\/larviksvommeklubb.no\\\/#website\"},\"primaryImageOfPage\":{\"@id\":\"https:\\\/\\\/larviksvommeklubb.no\\\/index.php\\\/portfolio\\\/#primaryimage\"},\"image\":{\"@id\":\"https:\\\/\\\/larviksvommeklubb.no\\\/index.php\\\/portfolio\\\/#primaryimage\"},\"thumbnailUrl\":\"https:\\\/\\\/larviksvommeklubb.no\\\/wp-content\\\/uploads\\\/2025\\\/10\\\/Portfolio-400_380.jpg\",\"datePublished\":\"2025-10-07T19:45:26+00:00\",\"dateModified\":\"2025-10-12T19:44:54+00:00\",\"breadcrumb\":{\"@id\":\"https:\\\/\\\/larviksvommeklubb.no\\\/index.php\\\/portfolio\\\/#breadcrumb\"},\"inLanguage\":\"nb-NO\",\"potentialAction\":[{\"@type\":\"ReadAction\",\"target\":[\"https:\\\/\\\/larviksvommeklubb.no\\\/index.php\\\/portfolio\\\/\"]}]},{\"@type\":\"ImageObject\",\"inLanguage\":\"nb-NO\",\"@id\":\"https:\\\/\\\/larviksvommeklubb.no\\\/index.php\\\/portfolio\\\/#primaryimage\",\"url\":\"https:\\\/\\\/larviksvommeklubb.no\\\/wp-content\\\/uploads\\\/2025\\\/10\\\/Portfolio-400_380.jpg\",\"contentUrl\":\"https:\\\/\\\/larviksvommeklubb.no\\\/wp-content\\\/uploads\\\/2025\\\/10\\\/Portfolio-400_380.jpg\",\"width\":400,\"height\":380},{\"@type\":\"BreadcrumbList\",\"@id\":\"https:\\\/\\\/larviksvommeklubb.no\\\/index.php\\\/portfolio\\\/#breadcrumb\",\"itemListElement\":[{\"@type\":\"ListItem\",\"position\":1,\"name\":\"Hjem\",\"item\":\"https:\\\/\\\/larviksvommeklubb.no\\\/\"},{\"@type\":\"ListItem\",\"position\":2,\"name\":\"treningstider\"}]},{\"@type\":\"WebSite\",\"@id\":\"https:\\\/\\\/larviksvommeklubb.no\\\/#website\",\"url\":\"https:\\\/\\\/larviksvommeklubb.no\\\/\",\"name\":\"Larvik sv\u00f8mmeklubb\",\"description\":\"En sv\u00f8meklubb for store og sm\u00e5 i larvik\",\"publisher\":{\"@id\":\"https:\\\/\\\/larviksvommeklubb.no\\\/#organization\"},\"potentialAction\":[{\"@type\":\"SearchAction\",\"target\":{\"@type\":\"EntryPoint\",\"urlTemplate\":\"https:\\\/\\\/larviksvommeklubb.no\\\/?s={search_term_string}\"},\"query-input\":{\"@type\":\"PropertyValueSpecification\",\"valueRequired\":true,\"valueName\":\"search_term_string\"}}],\"inLanguage\":\"nb-NO\"},{\"@type\":\"Organization\",\"@id\":\"https:\\\/\\\/larviksvommeklubb.no\\\/#organization\",\"name\":\"Larvik sv\u00f8mmeklubb\",\"url\":\"https:\\\/\\\/larviksvommeklubb.no\\\/\",\"logo\":{\"@type\":\"ImageObject\",\"inLanguage\":\"nb-NO\",\"@id\":\"https:\\\/\\\/larviksvommeklubb.no\\\/#\\\/schema\\\/logo\\\/image\\\/\",\"url\":\"https:\\\/\\\/larviksvommeklubb.no\\\/wp-content\\\/uploads\\\/2025\\\/10\\\/277790524_400301812100880_8304823727079010002_n-removebg-preview.png\",\"contentUrl\":\"https:\\\/\\\/larviksvommeklubb.no\\\/wp-content\\\/uploads\\\/2025\\\/10\\\/277790524_400301812100880_8304823727079010002_n-removebg-preview.png\",\"width\":400,\"height\":431,\"caption\":\"Larvik sv\u00f8mmeklubb\"},\"image\":{\"@id\":\"https:\\\/\\\/larviksvommeklubb.no\\\/#\\\/schema\\\/logo\\\/image\\\/\"}}]}<\/script>\n<!-- \/ Yoast SEO plugin. -->","yoast_head_json":{"title":"treningstider - Larvik sv\u00f8mmeklubb","robots":{"index":"index","follow":"follow","max-snippet":"max-snippet:-1","max-image-preview":"max-image-preview:large","max-video-preview":"max-video-preview:-1"},"canonical":"https:\/\/larviksvommeklubb.no\/index.php\/portfolio\/","og_locale":"nb_NO","og_type":"article","og_title":"treningstider - Larvik sv\u00f8mmeklubb","og_description":"Treningstider","og_url":"https:\/\/larviksvommeklubb.no\/index.php\/portfolio\/","og_site_name":"Larvik sv\u00f8mmeklubb","article_modified_time":"2025-10-12T19:44:54+00:00","og_image":[{"width":400,"height":380,"url":"https:\/\/larviksvommeklubb.no\/wp-content\/uploads\/2025\/10\/Portfolio-400_380.jpg","type":"image\/jpeg"}],"twitter_card":"summary_large_image","twitter_misc":{"Ansl. lesetid":"1 minutt"},"schema":{"@context":"https:\/\/schema.org","@graph":[{"@type":"WebPage","@id":"https:\/\/larviksvommeklubb.no\/index.php\/portfolio\/","url":"https:\/\/larviksvommeklubb.no\/index.php\/portfolio\/","name":"treningstider - Larvik sv\u00f8mmeklubb","isPartOf":{"@id":"https:\/\/larviksvommeklubb.no\/#website"},"primaryImageOfPage":{"@id":"https:\/\/larviksvommeklubb.no\/index.php\/portfolio\/#primaryimage"},"image":{"@id":"https:\/\/larviksvommeklubb.no\/index.php\/portfolio\/#primaryimage"},"thumbnailUrl":"https:\/\/larviksvommeklubb.no\/wp-content\/uploads\/2025\/10\/Portfolio-400_380.jpg","datePublished":"2025-10-07T19:45:26+00:00","dateModified":"2025-10-12T19:44:54+00:00","breadcrumb":{"@id":"https:\/\/larviksvommeklubb.no\/index.php\/portfolio\/#breadcrumb"},"inLanguage":"nb-NO","potentialAction":[{"@type":"ReadAction","target":["https:\/\/larviksvommeklubb.no\/index.php\/portfolio\/"]}]},{"@type":"ImageObject","inLanguage":"nb-NO","@id":"https:\/\/larviksvommeklubb.no\/index.php\/portfolio\/#primaryimage","url":"https:\/\/larviksvommeklubb.no\/wp-content\/uploads\/2025\/10\/Portfolio-400_380.jpg","contentUrl":"https:\/\/larviksvommeklubb.no\/wp-content\/uploads\/2025\/10\/Portfolio-400_380.jpg","width":400,"height":380},{"@type":"BreadcrumbList","@id":"https:\/\/larviksvommeklubb.no\/index.php\/portfolio\/#breadcrumb","itemListElement":[{"@type":"ListItem","position":1,"name":"Hjem","item":"https:\/\/larviksvommeklubb.no\/"},{"@type":"ListItem","position":2,"name":"treningstider"}]},{"@type":"WebSite","@id":"https:\/\/larviksvommeklubb.no\/#website","url":"https:\/\/larviksvommeklubb.no\/","name":"Larvik sv\u00f8mmeklubb","description":"En sv\u00f8meklubb for store og sm\u00e5 i larvik","publisher":{"@id":"https:\/\/larviksvommeklubb.no\/#organization"},"potentialAction":[{"@type":"SearchAction","target":{"@type":"EntryPoint","urlTemplate":"https:\/\/larviksvommeklubb.no\/?s={search_term_string}"},"query-input":{"@type":"PropertyValueSpecification","valueRequired":true,"valueName":"search_term_string"}}],"inLanguage":"nb-NO"},{"@type":"Organization","@id":"https:\/\/larviksvommeklubb.no\/#organization","name":"Larvik sv\u00f8mmeklubb","url":"https:\/\/larviksvommeklubb.no\/","logo":{"@type":"ImageObject","inLanguage":"nb-NO","@id":"https:\/\/larviksvommeklubb.no\/#\/schema\/logo\/image\/","url":"https:\/\/larviksvommeklubb.no\/wp-content\/uploads\/2025\/10\/277790524_400301812100880_8304823727079010002_n-removebg-preview.png","contentUrl":"https:\/\/larviksvommeklubb.no\/wp-content\/uploads\/2025\/10\/277790524_400301812100880_8304823727079010002_n-removebg-preview.png","width":400,"height":431,"caption":"Larvik sv\u00f8mmeklubb"},"image":{"@id":"https:\/\/larviksvommeklubb.no\/#\/schema\/logo\/image\/"}}]}},"_links":{"self":[{"href":"https:\/\/larviksvommeklubb.no\/index.php\/wp-json\/wp\/v2\/pages\/24","targetHints":{"allow":["GET"]}}],"collection":[{"href":"https:\/\/larviksvommeklubb.no\/index.php\/wp-json\/wp\/v2\/pages"}],"about":[{"href":"https:\/\/larviksvommeklubb.no\/index.php\/wp-json\/wp\/v2\/types\/page"}],"author":[{"embeddable":true,"href":"https:\/\/larviksvommeklubb.no\/index.php\/wp-json\/wp\/v2\/users\/1"}],"replies":[{"embeddable":true,"href":"https:\/\/larviksvommeklubb.no\/index.php\/wp-json\/wp\/v2\/comments?post=24"}],"version-history":[{"count":26,"href":"https:\/\/larviksvommeklubb.no\/index.php\/wp-json\/wp\/v2\/pages\/24\/revisions"}],"predecessor-version":[{"id":881,"href":"https:\/\/larviksvommeklubb.no\/index.php\/wp-json\/wp\/v2\/pages\/24\/revisions\/881"}],"wp:featuredmedia":[{"embeddable":true,"href":"https:\/\/larviksvommeklubb.no\/index.php\/wp-json\/wp\/v2\/media\/36"}],"wp:attachment":[{"href":"https:\/\/larviksvommeklubb.no\/index.php\/wp-json\/wp\/v2\/media?parent=24"}],"curies":[{"name":"wp","href":"https:\/\/api.w.org\/{rel}","templated":true}]}}